{"id":23185,"date":"2021-05-13T12:05:49","date_gmt":"2021-05-13T12:05:49","guid":{"rendered":"https:\/\/prospektusnyomda.hu\/?page_id=23185"},"modified":"2021-06-02T11:29:29","modified_gmt":"2021-06-02T11:29:29","slug":"hirdetes","status":"publish","type":"page","link":"https:\/\/prospektusnyomda.hu\/de\/hirdetes\/","title":{"rendered":"H\u00edrdet\u00e9s"},"content":{"rendered":"<div class=\"wpb-content-wrapper\"><section data-vc-full-width=\"true\" data-vc-full-width-init=\"false\" data-vc-stretch-content=\"true\" class=\"vc_row wpb_row vc_row-fluid  vc_custom_1507098851778 wow fadeIn pofo-stretch-content vc_row-no-padding\"><div class=\"wpb_column vc_column_container vc_col-sm-12  col-xs-mobile-fullwidth\"><div class=\"vc_column-inner \"><div class=\"wpb_wrapper\">[rev_slider_vc alias=&#8221;hero-website-42-12&#8243;]<\/div><\/div><\/div><\/section><div class=\"vc_row-full-width vc_clearfix\"><\/div><section data-vc-full-width=\"true\" data-vc-full-width-init=\"false\" data-vc-stretch-content=\"true\" class=\"vc_row wpb_row vc_row-fluid  vc_custom_1507205266443 wow fadeIn vc_row-has-fill pofo-stretch-content vc_row-no-padding vc_row-o-equal-height vc_row-o-content-middle vc_row-flex\"><div class=\"wpb_column vc_column_container vc_col-has-fill vc_col-sm-12 vc_col-md-6 vc_col-xs-12 wow fadeInLeft pofo-column-responsive-69f4cb6c7725c\"><div class=\"vc_column-inner cover-background vc_custom_1621411641745\"><div class=\"wpb_wrapper\"><div class=\"bg-deep-pink-opacity padding-eleven-all sm-padding-seven-all xs-padding-30px-all block-1  vc_custom_1621411590309 block1-1\"><div class=\"box-separator-line width-180px bg-white md-width-120px sm-width-90px sm-display-none\"><\/div><h1 class=\"font-weight-600 alt-font text-white width-95 sm-width-100\">Mi\u00e9rt \u00e9rdemes minket v\u00e1lasztani?<\/h1><div class=\"text-large font-weight-300 text-white last-paragraph-no-margin\"><p>A Prospektus Kft. \u00fczleti c\u00e9lja, hogy eredm\u00e9nyes m\u0171k\u00f6d\u00e9ssel a hazai piacon vezet\u0151 szerepet t\u00f6lts\u00f6n be. A rendelkez\u00e9sre \u00e1ll\u00f3 vil\u00e1gsz\u00ednvonal\u00fa g\u00e9pekkel \u00e9s technol\u00f3gi\u00e1kkal, az ezeket m\u0171k\u00f6dtet\u0151 k\u00e9pzett alkalmazottak elk\u00f6telezett egy\u00fcttm\u0171k\u00f6d\u00e9s\u00e9vel, valamint a min\u0151s\u00e9g folyamatos fejleszt\u00e9s\u00e9vel hib\u00e1tlan term\u00e9ket sz\u00e1ll\u00edtson minden megrendel\u0151j\u00e9nek.<\/p>\n<p>Aminek az elk\u00e9sz\u00edt\u00e9s\u00e9ben seg\u00edteni tudunk?<\/p>\n<ul>\n<li>Prospektusok<\/li>\n<li>Katal\u00f3gusok<\/li>\n<li>Magazinok<\/li>\n<li>K\u00f6nyvek<\/li>\n<li>Dobozok<\/li>\n<\/ul>\n<\/div><\/div><\/div><\/div><\/div><div class=\"wpb_column vc_column_container vc_col-sm-12 vc_col-md-6 vc_col-xs-12 wow fadeInRight sm-text-center xs-text-center\"><div class=\"vc_column-inner vc_custom_1507193184506\"><div class=\"wpb_wrapper\"><div class=\"vc_row wpb_row vc_inner vc_row-fluid\"><div class=\"wpb_column vc_column_container vc_col-sm-12  col-xs-mobile-fullwidth pofo-column-responsive-69f4cb6c77434\"><div class=\"vc_column-inner vc_custom_1509018666493\"><div class=\"wpb_wrapper\"><div class=\"last-paragraph-no-margin\"><h6 style=\"text-align: center;\"><span style=\"color: #ffffff;\"><strong>Amennyiben k\u00e9rd\u00e9se, k\u00e9r\u00e9se van, az al\u00e1bbi telefonsz\u00e1mon, email c\u00edmen \u00e9rdekl\u0151dhet.<br \/>\nTelefonsz\u00e1m: <span style=\"color: #ff214f;\">+36 20 383 33 39<\/span><br \/>\nEmail: <span style=\"color: #ff214f;\">nyomda@prospektusnyomda.hu<\/span><\/strong><\/span><\/h6>\n<\/div>[vc_raw_html]JTVCZmMlMjBpZCUzRCUyNzElMjclNUQlNUIlMkZmYyU1RA==[\/vc_raw_html]<\/div><\/div><\/div><\/div><\/div><\/div><\/div><\/section><div class=\"vc_row-full-width vc_clearfix\"><\/div><section class=\"vc_row wpb_row vc_row-fluid\"><div class=\"wpb_column vc_column_container vc_col-sm-12  col-xs-mobile-fullwidth text-center md-text-center sm-text-center xs-text-center\"><div class=\"vc_column-inner \"><div class=\"wpb_wrapper\"><a  href=\"https:\/\/prospektusnyomda.hu\/\" target=\"_self\" class=\"btn pofo-button-1 display-inline button-style2  btn-white  btn-extra-large\"  style=\"border-color:#ff214f; \">TOV\u00c1BB A HONLAPRA<i class=\"fa fas fa-arrow-right   margin-5px-left no-margin-right\" aria-hidden=\"true\"><\/i><\/a><\/div><\/div><\/div><\/section><section class=\"vc_row wpb_row vc_row-fluid  vc_custom_1621426175622\"><div class=\"wpb_column vc_column_container vc_col-sm-12  col-xs-mobile-fullwidth text-center md-text-center sm-text-center xs-text-center\"><div class=\"vc_column-inner vc_custom_1621425830718\"><div class=\"wpb_wrapper\"><span class=\"text-extra-dark-gray margin-20px-bottom font-weight-600 display-inline alt-font heading-style2  vc_custom_1622633275876  heading-1\"  style=\"font-size: 16PX; line-height: 23PX;\" data-fontsize=\"16PX\" data-lineheight=\"23PX\">K\u00d6VESS MINKET A FACEBOOKON IS!<\/span><div  class=\"pofo-social-links social-icon-style-1 social-icon-1\"><ul class=\"extra-large-icon\"><li><a class=\"facebook-f\" href=\"https:\/\/www.facebook.com\/prospektusnyomda\" target=\"_blank\"><i class=\"fa-brands fa-facebook-f\"><\/i><\/a><\/li><\/ul><\/div><\/div><\/div><\/div><\/section>\n<\/div>","protected":false},"excerpt":{"rendered":"[rev_slider_vc alias=\"hero-website-42-12\"]Mi\u00e9rt \u00e9rdemes minket v\u00e1lasztani?A Prospektus Kft. \u00fczleti c\u00e9lja, hogy eredm\u00e9nyes m\u0171k\u00f6d\u00e9ssel a hazai piacon vezet\u0151 szerepet t\u00f6lts\u00f6n be. A rendelkez\u00e9sre \u00e1ll\u00f3 vil\u00e1gsz\u00ednvonal\u00fa g\u00e9pekkel \u00e9s technol\u00f3gi\u00e1kkal, az ezeket m\u0171k\u00f6dtet\u0151 k\u00e9pzett alkalmazottak elk\u00f6telezett egy\u00fcttm\u0171k\u00f6d\u00e9s\u00e9vel, valamint a min\u0151s\u00e9g folyamatos fejleszt\u00e9s\u00e9vel hib\u00e1tlan term\u00e9ket sz\u00e1ll\u00edtson minden megrendel\u0151j\u00e9nek. Aminek az elk\u00e9sz\u00edt\u00e9s\u00e9ben seg\u00edteni tudunk? Prospektusok Katal\u00f3gusok Magazinok K\u00f6nyvek Dobozok Amennyiben k\u00e9rd\u00e9se, k\u00e9r\u00e9se van, az al\u00e1bbi telefonsz\u00e1mon, email c\u00edmen \u00e9rdekl\u0151dhet. Telefonsz\u00e1m: +36 20 383 33 39 Email: nyomda@prospektusnyomda.hu [vc_raw_html]JTVCZmMlMjBpZCUzRCUyNzElMjclNUQlNUIlMkZmYyU1RA==[\/vc_raw_html]TOV\u00c1BB A HONLAPRAK\u00d6VESS MINKET A FACEBOOKON IS!","protected":false},"author":1,"featured_media":0,"parent":0,"menu_order":0,"comment_status":"closed","ping_status":"closed","template":"","meta":{"om_disable_all_campaigns":false,"rs_blank_template":"","rs_page_bg_color":"","slide_template_v7":"","_monsterinsights_skip_tracking":false,"_monsterinsights_sitenote_active":false,"_monsterinsights_sitenote_note":"","_monsterinsights_sitenote_category":0,"footnotes":""},"class_list":["post-23185","page","type-page","status-publish","hentry"],"translation":{"provider":"WPGlobus","version":"3.0.2","language":"de","enabled_languages":["hu","gb","de"],"languages":{"hu":{"title":true,"content":true,"excerpt":false},"gb":{"title":false,"content":false,"excerpt":false},"de":{"title":false,"content":false,"excerpt":false}}},"aioseo_notices":[],"_links":{"self":[{"href":"https:\/\/prospektusnyomda.hu\/de\/wp-json\/wp\/v2\/pages\/23185","targetHints":{"allow":["GET"]}}],"collection":[{"href":"https:\/\/prospektusnyomda.hu\/de\/wp-json\/wp\/v2\/pages"}],"about":[{"href":"https:\/\/prospektusnyomda.hu\/de\/wp-json\/wp\/v2\/types\/page"}],"author":[{"embeddable":true,"href":"https:\/\/prospektusnyomda.hu\/de\/wp-json\/wp\/v2\/users\/1"}],"replies":[{"embeddable":true,"href":"https:\/\/prospektusnyomda.hu\/de\/wp-json\/wp\/v2\/comments?post=23185"}],"version-history":[{"count":13,"href":"https:\/\/prospektusnyomda.hu\/de\/wp-json\/wp\/v2\/pages\/23185\/revisions"}],"predecessor-version":[{"id":23194,"href":"https:\/\/prospektusnyomda.hu\/de\/wp-json\/wp\/v2\/pages\/23185\/revisions\/23194"}],"wp:attachment":[{"href":"https:\/\/prospektusnyomda.hu\/de\/wp-json\/wp\/v2\/media?parent=23185"}],"curies":[{"name":"wp","href":"https:\/\/api.w.org\/{rel}","templated":true}]}}

Hírdetés

<div class="wpb-content-wrapper"><section data-vc-full-width="true" data-vc-full-width-init="false" data-vc-stretch-content="true" class="vc_row wpb_row vc_row-fluid  vc_custom_1507098851778 wow fadeIn pofo-stretch-content vc_row-no-padding"><div class="wpb_column vc_column_container vc_col-sm-12  col-xs-mobile-fullwidth"><div class="vc_column-inner "><div class="wpb_wrapper">[rev_slider_vc alias=&#8221;hero-website-42-12&#8243;]</div></div></div></section><div class="vc_row-full-width vc_clearfix"></div><section data-vc-full-width="true" data-vc-full-width-init="false" data-vc-stretch-content="true" class="vc_row wpb_row vc_row-fluid  vc_custom_1507205266443 wow fadeIn vc_row-has-fill pofo-stretch-content vc_row-no-padding vc_row-o-equal-height vc_row-o-content-middle vc_row-flex"><div class="wpb_column vc_column_container vc_col-has-fill vc_col-sm-12 vc_col-md-6 vc_col-xs-12 wow fadeInLeft pofo-column-responsive-69f4cb6c7725c"><div class="vc_column-inner cover-background vc_custom_1621411641745"><div class="wpb_wrapper"><div class="bg-deep-pink-opacity padding-eleven-all sm-padding-seven-all xs-padding-30px-all block-1  vc_custom_1621411590309 block1-1"><div class="box-separator-line width-180px bg-white md-width-120px sm-width-90px sm-display-none"></div><h1 class="font-weight-600 alt-font text-white width-95 sm-width-100">Miért érdemes minket választani?</h1><div class="text-large font-weight-300 text-white last-paragraph-no-margin"><p>A Prospektus Kft. üzleti célja, hogy eredményes működéssel a hazai piacon vezető szerepet töltsön be. A rendelkezésre álló világszínvonalú gépekkel és technológiákkal, az ezeket működtető képzett alkalmazottak elkötelezett együttműködésével, valamint a minőség folyamatos fejlesztésével hibátlan terméket szállítson minden megrendelőjének.</p>
<p>Aminek az elkészítésében segíteni tudunk?</p>
<ul>
<li>Prospektusok</li>
<li>Katalógusok</li>
<li>Magazinok</li>
<li>Könyvek</li>
<li>Dobozok</li>
</ul>
</div></div></div></div></div><div class="wpb_column vc_column_container vc_col-sm-12 vc_col-md-6 vc_col-xs-12 wow fadeInRight sm-text-center xs-text-center"><div class="vc_column-inner vc_custom_1507193184506"><div class="wpb_wrapper"><div class="vc_row wpb_row vc_inner vc_row-fluid"><div class="wpb_column vc_column_container vc_col-sm-12  col-xs-mobile-fullwidth pofo-column-responsive-69f4cb6c77434"><div class="vc_column-inner vc_custom_1509018666493"><div class="wpb_wrapper"><div class="last-paragraph-no-margin"><h6 style="text-align: center;"><span style="color: #ffffff;"><strong>Amennyiben kérdése, kérése van, az alábbi telefonszámon, email címen érdeklődhet.<br />
Telefonszám: <span style="color: #ff214f;">+36 20 383 33 39</span><br />
Email: <span style="color: #ff214f;">nyomda@prospektusnyomda.hu</span></strong></span></h6>
</div>[vc_raw_html]JTVCZmMlMjBpZCUzRCUyNzElMjclNUQlNUIlMkZmYyU1RA==[/vc_raw_html]</div></div></div></div></div></div></div></section><div class="vc_row-full-width vc_clearfix"></div><section class="vc_row wpb_row vc_row-fluid"><div class="wpb_column vc_column_container vc_col-sm-12  col-xs-mobile-fullwidth text-center md-text-center sm-text-center xs-text-center"><div class="vc_column-inner "><div class="wpb_wrapper"><a  href="https://prospektusnyomda.hu/" target="_self" class="btn pofo-button-1 display-inline button-style2  btn-white  btn-extra-large"  style="border-color:#ff214f; ">TOVÁBB A HONLAPRA<i class="fa fas fa-arrow-right   margin-5px-left no-margin-right" aria-hidden="true"></i></a></div></div></div></section><section class="vc_row wpb_row vc_row-fluid  vc_custom_1621426175622"><div class="wpb_column vc_column_container vc_col-sm-12  col-xs-mobile-fullwidth text-center md-text-center sm-text-center xs-text-center"><div class="vc_column-inner vc_custom_1621425830718"><div class="wpb_wrapper"><span class="text-extra-dark-gray margin-20px-bottom font-weight-600 display-inline alt-font heading-style2  vc_custom_1622633275876  heading-1"  style="font-size: 16PX; line-height: 23PX;" data-fontsize="16PX" data-lineheight="23PX">KÖVESS MINKET A FACEBOOKON IS!</span><div  class="pofo-social-links social-icon-style-1 social-icon-1"><ul class="extra-large-icon"><li><a class="facebook-f" href="https://www.facebook.com/prospektusnyomda" target="_blank"><i class="fa-brands fa-facebook-f"></i></a></li></ul></div></div></div></div></section>
</div>

[rev_slider_vc alias="hero-website-42-12"]Miért érdemes minket választani?A Prospektus Kft. üzleti célja, hogy eredményes működéssel a hazai piacon vezető szerepet töltsön be. A rendelkezésre álló világszínvonalú gépekkel és technológiákkal, az ezeket működtető képzett alkalmazottak elkötelezett együttműködésével, valamint a minőség folyamatos fejlesztésével hibátlan terméket szállítson minden megrendelőjének. Aminek az elkészítésében segíteni tudunk? Prospektusok Katalógusok Magazinok Könyvek Dobozok Amennyiben kérdése, kérése van, az alábbi telefonszámon, email címen érdeklődhet. Telefonszám: +36 20 383 33 39 Email: nyomda@prospektusnyomda.hu [vc_raw_html]JTVCZmMlMjBpZCUzRCUyNzElMjclNUQlNUIlMkZmYyU1RA==[/vc_raw_html]TOVÁBB A HONLAPRAKÖVESS MINKET A FACEBOOKON IS!
